+ 32 = 0, -5*w = 3*j - 1 - f. Let s(k) = -8 - 1 + 3 + k. Give s(w).
-1
Let c(v) be the first derivative of -v**3/3 - 4*v**2 - 6*v - 5. Determine c(-5).
9
Suppose -5*s - 1 + 21 = 0. Let l(t) = 4*t**2 - s*t + 6 + 0*t**2 - 5*t**2. Determine l(-6).
-6
Let r(d) = -6*d + 5*d**2 - 5*d**2 - d**2 - 5. What is r(-5)?
0
Let w(l) = -l**3 - 7*l**2 - 7*l - 2. Let a be w(-6). Let h(n) = a*n - n - 4*n + 7*n**3. Let z(s) = s**2 - 11*s + 9. Let b be z(10). Give h(b).
-6
Let a(z) = 2*z**3 + 2*z**2 + z + 1. Let w(h) = 3*h**3 + h**2 + h + 2. Let b(j) = -4*a(j) + 3*w(j). Calculate b(5).
-3
Let s(m) = -4*m - 2*m + 6*m**2 + 5 + 4*m - 6. Give s(-1).
7
Let a(n) be the second derivative of 3*n + 0 - 1/2*n**3 + 3/2*n**2. Let j be (-16)/(-6) - 3/(-9). Calculate a(j).
-6
Let h be (3 - 3)/(2 + -1). Let n = 6 + h. Let j = n + -5. Let x(y) = y**3 - y. Calculate x(j).
0
Let c(l) = -2*l + 4*l - 5 - 6*l. Suppose -7*u - 40 = 3*u. Give c(u).
11
Let f be (-3)/(-1 + -2) - 0. Suppose 3 = -3*n + 6. Let m(q) = -13*q**2 + 5*q + 2. Let t(h) = h**2 - h - 1. Let p(y) = n*m(y) + 3*t(y). Give p(f).
-9
Let t(q) = -3*q + 6. Let y be t(4). Let d(k) = k**3 + 6*k**2 + 2. Calculate d(y).
2
Let a(u) be the second derivative of u**4/12 + u**3/6 + u**2/2 + u. Calculate a(2).
7
Let q(s) = -s + 4. Suppose 2*c + k - 3 = c, 2*c - 9 = -3*k. Determine q(c).
4
Let j be 15*((-8)/(-6) + -1). Let u(v) = -2 + 4*v**2 - 4*v - j*v**2 - 2. Give u(-3).
-1
Let u(s) = 8 - 12*s + 4 - 12. Calculate u(1).
-12
Let a(b) = 1. Let u(j) = j. Let n(r) = a(r) + 3*u(r). What is n(6)?
19
Let h(x) be the first derivative of -7*x**3/3 + x**2/2 - 25. Determine h(-1).
-8
Let m = -22 + 24. Let c(b) = 5*b**m - 3 - 12*b**3 + 11*b**3 + 2 + 3*b + b. Give c(6).
-13
Let q(a) = 11*a + 9*a - 11*a. What is q(1)?
9
Let a = 54 - 55. Let j(s) = s**3 - s**2 - 2*s - 1. Determine j(a).
-1
Let s(z) = z**2 - 1. Suppose 0 = -2*u - 10, 1 = -4*w - 2*u + 3. Let l = -3 + w. Let x = -2 - l. Determine s(x).
3
Let d(t) = -t**3 - 4*t**2 - 3*t + 3. Let w = -4 + 12. Let n = -23 + 12. Let u = n + w. Give d(u).
3
Let w(t) = -2*t + 5. Let z be (-2)/(-11) - (-256)/44. Calculate w(z).
-7
Suppose 4*d = -3 - 1. Let q(k) = 25*k + 30. Let a(y) = -y - 1. Let g(h) = d*q(h) - 30*a(h). Determine g(2).
10
Let i(s) = 2*s**2 - 11*s + 6. Let c be i(5). Let m(t) = 12*t + 3*t - c - 9*t. Calculate m(-1).
-7
Suppose -20 = -0*w + 2*w. Let l = w - -20. Let c(h) = 0 - 13*h + 0 + l*h. Determine c(-3).
9
Let x(r) = 5 - 5 - 6*r + 7 - r**2. Suppose 17 = 3*b + 2*n - 31, 0 = -4*b - 5*n + 71. Let v = 8 - b. Calculate x(v).
7
Let o(m) = -m**2 - 2*m**3 - 13 + 16 + m**3 - 4*m**2 - 4*m. Suppose 14 = 5*y - 11, -5*k = -5*y + 45. What is o(k)?
3
Let c(l) = 3*l + 19*l**2 + 5 - 7*l**2 + 2*l - 10*l**2. What is c(-4)?
17
Let z(b) = -b**2 + 3*b - 1. Let x = 0 - -2. Suppose x*f = 6*f - 16. Determine z(f).
-5
Let a(x) = -x**2 + x - 3. Let n be (0/1)/(0 + 2). Let u be a(n). Let p(g) be the first derivative of g**3/3 + 2*g**2 + 2*g + 3. What is p(u)?
-1
Let m(b) = -1 + 2 - 6 - b**2 + 8*b. Give m(8).
-5
Let w(s) = -s**2 + 7*s + 4. Let k be w(8). Let i(d) = d**3 + 5*d**2 + 7*d + 4. Calculate i(k).
-8
Suppose 5*b - 3*j - 33 = -3, b - 18 = 3*j. Let a(o) = 3*o - 4. Calculate a(b).
5
Let c(l) = -4*l - 2. Let j be 132/9 - 1/(-3). Let v = j + -10. Let x be (-33)/15 - (-1)/v. Determine c(x).
6
Let b(p) be the first derivative of -p**4/4 - 7*p**3/3 - 5*p**2/2 + 4*p - 1. Let w be (-12)/2 + (1 - 1). Give b(w).
-2
Let l(b) = -5*b. Let d = 0 + -2. Calculate l(d).
10
Let q(m) = 3*m + 3. Let u = -12 - -11. Let v be (16/2)/(-4) + u. Calculate q(v).
-6
Let m(s) = 9*s + 6. Let q(b) = b + 1. Let c be (2/(-4 + 2))/1. Let x be (-1 - (0 - -2))*-2. Let l(u) = c*m(u) + x*q(u). Determine l(3).
-9
Suppose -12 = -7*o + 3*o. Suppose -5*l - 46 = 2*u - 13, -o*u = 4*l + 32. Let q(d) = d + 6. What is q(l)?
1
Let r(p) = 1. Let u(y) = y - 6. Let z(v) = -r(v) - u(v). Give z(9).
-4
Let m(j) = -j**2 + 17. Let c be m(4). Let d(a) = 7*a**2 + a - 1. What is d(c)?
7
Let g(f) = f**3 + 10*f**2 - 12*f - 7. Let c be g(-11). Let i(b) = b**2 - 7*b + 6. Determine i(c).
-6
Let q(k) = -k + 12. Let g(a) = -6*a + 60. Let x(o) = 2*g(o) - 11*q(o). Let i be 156/(-18) - (-2)/3. Let c = i + 3. Give x(c).
-7
Let i(n) be the second derivative of n**5/20 + n**4/3 - 5*n**3/6 + n**2 + 12*n. Determine i(-5).
2
Suppose 0 = -0*n - 2*n + 4. Suppose 2*x + 18 = 3*z - 14, -5*z - n*x = -32. Let i(y) = 3*y**2 + 5*y - 2*y**2 - 1 - z*y. Calculate i(4).
3
Suppose 5*f - 21 = -3*r, 3*f = 13 - 4. Let a(v) = -3*v**2 - v + 5*v**r - v**2. Let y = 3 - 0. Give a(y).
6
Suppose 4 = -0*z - z. Let f(x) = 9*x - 1. Let a(j) = -8*j. Let v(t) = 6*a(t) + 5*f(t). What is v(z)?
7
Let z(f) be the second derivative of 0 - 5*f + 0*f**2 - 1/6*f**3. Give z(2).
-2
Let z(g) = -g - 22. Suppose -11*u + 2*u = 0. Calculate z(u).
-22
Let j be (-5)/((-15)/6)*-1. Let t(v) = v**3 + v**2 + 2*v + 1. What is t(j)?
-7
Let d(y) = -y + 4. Let c(f) = 2*f - 6. Let x(p) = -2*c(p) - 3*d(p). Give x(-5).
5
Let v(k) be the third derivative of -2*k**5/15 - k**4/12 - k**3/6 - 7*k**2. Calculate v(-1).
-7
Let f(i) be the second derivative of 0*i**4 + 0 - 1/20*i**5 + 3*i + 1/2*i**2 + 0*i**3. Give f(-2).
9
Suppose 0 = -4*k - k + 55. Let p(x) = 7*x + 8. Let i(r) = 4*r + 4. Let t(c) = k*i(c) - 6*p(c). Determine t(6).
8
Suppose -5*x + 5 = 5*i, -3*i + 19 = 3*x - 4*i. Let b(k) = k - 2. Calculate b(x).
3
Suppose k = -4*t + 25, -20 = 2*t - 4*t - 2*k. Let i(l) = -l**2 - 6*l + 2. Let d(x) = 3*x**2 + 13*x - 4. Let g(q) = -4*d(q) - 10*i(q). What is g(t)?
-14
Let u(l) be the third derivative of -l**6/120 - l**4/24 + l**2. Suppose 0 = 3*p + 3 + 24. Let i = 10 + p. Determine u(i).
-2
Let p(y) = -11*y**3 - y**2 - y. Let f be -1*3/(5 + -2). Determine p(f).
11
Let m(d) be the third derivative of d**6/720 + d**5/120 + d**4/12 - d**2. Let p(r) be the second derivative of m(r). Determine p(2).
3
Let k(a) = 5*a**3 + 2*a - 1. Suppose -5*u = -1 - 4. Let l be u/1 + 0 - 0. Determine k(l).
6
Let u(x) = -5*x. Let k(d) = d. Let c(n) = 6*k(n) + u(n). Let s(p) = 2*p + 0*p - p. Let v(m) = 7*c(m) - 6*s(m). Give v(-5).
-5
Suppose -5*g - 14 = w - 3*w, -2*w + 3*g = -6. Let j = -1 - w. Suppose -2*y = 2 + j. Let r(s) = 4*s. What is r(y)?
-8
Let q(b) = b - 9*b + 5*b - b**3 + 0*b + 4*b**2. Give q(2).
2
Let b = -6 + 4. Let f(p) = 4*p - 5. Let h(k) be the second derivative of -7*k**3/6 + 9*k**2/2 - k. Let x(u) = 5*f(u) + 3*h(u). Determine x(b).
4
Let o(b) = -9*b. Let f(i) = i. Let u(c) = 6*f(c) + o(c). Give u(6).
-18
Let f(k) = -2*k**2 - 4*k - 3. Let l(i) = -2*i**3 + 0*i**2 - i**2 + 4*i**3. Let c be l(-1). Give f(c).
-9
Let j = -5 + 9. Let m(q) = j*q + 0*q + 6*q**2 + q**3 - 8 + 0*q + 1. Give m(-5).
-2
Let w(l) = l**3 + 2*l**2 + l. Suppose 5*r + 1 = 4*y - 1, -4*r + 5 = -y. Suppose -y*f - f + s - 6 = 0, 2*s + 1 = -5*f. What is w(f)?
0
Let u(b) = -3*b**3 + b - b + b - 2*b**2. Suppose 5*a + 2*r - 20 = -3*r, 4*a - r = 1. What is u(a)?
-4
Suppose -4*s + 0*s + 16 = 0. Let y(o) = -2*o - 9. Let t be y(-6). Let g(r) = -6 + t - r**2 + 2 + 3*r. Give g(s).
-5
Let c(o) be the first derivative of -o**4/12 + 2*o**2 - o - 1. Let z(b) be the first derivative of c(b). Determine z(0).
4
Suppose 5*h - 4*k + 2 = 3*h, h - 5*k - 2 = 0. Let r(a) = -3*a + 4 + 4*a + 3*a. Give r(h).
-8
Let a(r) = -r**3 + r**2 + r - 1. Let s(v) = 4*v**3 - 4*v**2 - 6*v - 3. Let i(q) = -5*a(q) - s(q). Calculate i(0).
8
Suppose 5*b = 4*v + 11, 4*b + 4*v = 2*b + 10. Let u(n) = 2*n**2 - n - 1. Let x be u(-1). Let s(g) = 0*g**x - 4 - b*g + 5*g + g**2. What is s(-4)?
4
Let z(i) = i + 4. Let b be z(-7). Let f(q) = -6*q - 5. Let s(l) = -7*l - 6. Let c(w) = b*s(w) + 4*f(w). Calculate c(-2).
4
Let m(i) = -i**2 - 3*i + 3. Let p(w) = -5*w**2 - 13*w + 12. Let r(s) = 9*m(s) - 2*p(s). Let h be 6/9 - 2/3. Calculate r(h).
3
Suppose -k - 4 = -5*r + 2*r, 4*r - 8 = 0. Let a(g) = 0 - k + 2*g + 6. What is a(-4)?
-4
Suppose 4*u = 6*u - 4. Let q(j) = 1 + j**u + 2 - 2*j - 3*j. Suppose 2 = -2*c + 10. What is q(c)?
-1
Suppose -11*t - 18 = -84. Let q(o) = o**2 - 8*o. What is q(t)?
-12
Let v(k) = k**2 + 5*k - 2. Let r = 22 + -26. What is v(r)?
-6
Let v(u) = 2*u - 6. Let l(a) = -a. Let b(c) = 3*l(c) + v(c). Determine b(-5).
-1
Let i(u) = 2*u**3 + 8*u**2 - 9*u + 6. Let m(n) = 0*n**3 - 5*n + 15*n**2 + 3*n**3 - 12*n + 11. Let d(r) = -5*i(r) + 3*m(